 = -t**3 - 5*t**2 - t. Suppose 4*f + 2*x + x + 5 = 0, -2*f - 25 = -3*x. Let u be o(f). Is r(u) prime?
False
Is 782978/(-4)*(-690)/483 a prime number?
False
Let w(q) = -q**3 - 8*q**2 - 11*q - 32. Let k be w(-5). Is (4 - (-63401)/k)/((-1)/12) a prime number?
False
Is (-106510470)/(-24) + 171/36 + -4 a prime number?
False
Suppose 7*k = 25*k - 353142. Is k prime?
False
Let r be -2 + 7/7*-4618. Let u = r - -7834. Is u prime?
False
Let x = -3 - -5. Let r be (((-2670)/(-20) - 9) + -12)/((-3)/(-20)). Suppose -r = 3*q - 5*q + 4*a, 3*a - 736 = -x*q. Is q a prime number?
False
Is 779950 - ((-9)/(-5))/(36/180) prime?
False
Suppose -312*v = -308*v - 56. Suppose v*c - 38430 = 12544. Is c a composite number?
True
Let u = 53153 + 11418. Is u a composite number?
True
Let s(w) = -w**2 - 6*w + 40. Let v be s(-10). Suppose -15 - 15 = 2*t. Is (-2)/(-10) + (v - 1812/t) prime?
False
Let u be ((-66)/12 + 5)*0 + 9130. Let b = 13771 + u. Is b prime?
True
Let b = -246014 + 362583. Is b prime?
False
Let m = 461697 + -154246. Is m prime?
True
Let h(x) = x**3 + 32*x**2 + 104*x - 81. Let p(g) = 11*g**2 + 35*g - 27. Let r(d) = -3*h(d) + 8*p(d). Is r(-20) composite?
False
Let q(v) be the first derivative of -v**3/2 - 17*v**2/2 + 7*v + 5. Let u(o) be the first derivative of q(o). Is u(-8) a prime number?
True
Suppose -4*s + 101040 = -5*s. Let q be s/(-7) + 0 - (-2)/(-7). Suppose q = 16*w - 2*w. Is w prime?
True
Let a = -82089 - -364648. Is a a composite number?
False
Let v = -105294 - -259391. Is v composite?
False
Suppose -12*c + 2056 = 160. Is (c/3)/((-122)/(-5307)) a prime number?
False
Let a(q) = -13 + 241*q - 2 + 0. Let x(n) = 4*n + 72. Let w be x(-16). Is a(w) a prime number?
True
Suppose p - 1308 = 39. Let u(m) = 8*m**2 + 16*m - 10. Let x be u(10). Let o = p - x. Is o a prime number?
True
Let y = 17247 + -9626. Is y a composite number?
False
Is (-6)/8 - (-4 - (0 - (-4784476)/16)) a prime number?
False
Let w be 21 - 17 - (3407 + 1). Let c = w - -5862. Suppose c = 4*m + 2*s, 0 = 4*m - 6*s + s - 2451. Is m a prime number?
False
Suppose -92*d + 5821621 = -4817167. Is d composite?
True
Suppose 27*t + 3656 = 29*t. Suppose 0 = -4*c + 5*c - 5*z - t, 0 = 4*c + 5*z - 7287. Is c prime?
True
Suppose -3*w + 15 = 2*j - j, 5*j = 15. Is 10966/w - 11/22 prime?
True
Let g = -64 - -49. Let y be -4 + (-4 + 0 - 150/g). Suppose -4*f = y*h - 354, -h - h + 4*f = -362. Is h composite?
False
Let h be (3 - 4970) + 7/(21/(-12)). Let a = h - -11554. Is a a prime number?
False
Let v = -83 + 83. Suppose 5*c = -5*k + 6*k - 4781, -5*k + 2*c + 23951 = v. Is k a composite number?
True
Let t(b) = 6*b + 30216. Let m be t(0). Suppose 25*a = a + m. Is a a prime number?
True
Suppose 3*d = -15, -11*q - 7*d + 3*d = -1149381. Is q a prime number?
True
Let g(j) = -14436*j - 703. Is g(-3) prime?
False
Suppose -29436 - 11336 = -2*h. Suppose 5*p = 3*i + h + 1252, 4*p + 3*i = 17305. Is p a prime number?
True
Suppose -257930 = -2*c - 3*v, 474*c - 469*c - 644799 = -v. Is c composite?
False
Let n(i) = -1 + 135*i - 4 - 11*i**2 - 132*i + 4*i**3. Let l(x) = -x**2 + 8*x - 7. Let g be l(6). Is n(g) a composite number?
True
Let u be ((-12)/9)/(4/(-66)). Let c(z) = 2*z**2 - 31 - z**2 - 20*z + 0*z**2 + 22. Is c(u) a prime number?
False
Suppose -4*k + 4*t - 1431 + 20195 = 0, 4703 = k + 2*t. Let m = 1256 + k. Is m prime?
False
Let k = -52 + 139. Let b be 6/(-9)*(-54)/12. Suppose -k - 195 = -b*g. Is g prime?
False
Let w(b) = -3*b + 10*b + 6197 - 5*b - 15*b. Is w(0) composite?
False
Let g(q) = 14*q**2 + 82*q + 2. Let z be g(-6). Suppose 0 = -19*u - z*u + 41481. Is u composite?
True
Let z be (-60)/(-18)*(-6)/(-5). Suppose 4*u - 3*o = -o + 8378, z*u + 3*o - 8353 = 0. Suppose 5*w = -5, -4*w + 18149 + u = 5*s. Is s a composite number?
False
Suppose -92*q + 27004832 = 76*q + 3836792. Is q composite?
True
Let z be 256333/(-63) - 2/9. Let r = 9497 + z. Suppose -r = -6*s + 2*s. Is s prime?
False
Let u(v) = -42*v**3 + 29*v**2 - 55*v + 90. Let p be u(36). Is p/(-306) + (-4)/34 a prime number?
True
Let r(o) = 15. Suppose -4*a + 5 = -7. Let z(q) = q - 14. Let k(h) = a*z(h) + 4*r(h). Is k(7) composite?
True
Is 7/(21/(-99))*407525/(-75) a prime number?
False
Let g be (-2 + 5)/(((-135)/(-18))/15). Let u(c) = 29*c**2 + 3*c - 23. Is u(g) a prime number?
True
Let q(r) be the first derivative of -89*r**2 - 18*r - 15. Let k be q(-7). Let x = k - 707. Is x composite?
False
Let r = 179344 + -4283. Is r a composite number?
False
Let b be 5/(-25) - (-5316)/5. Suppose -5 = 5*s, b = -j + 3*j + 3*s. Is j a composite number?
True
Let j be (((-10)/(-3))/(-1))/((-38)/(-171)). Let a be (j/9)/(5/(-1275)). Suppose -8*i + 3*i + a = 0. Is i composite?
True
Suppose -234043 = -f + 4*n, 2*f + n = -23450 + 491599. Is f a composite number?
True
Suppose 740677 = f + u, -155512 - 3547861 = -5*f - 3*u. Is f composite?
False
Let z be 12/(8/16*-4). Is (-7239)/(-2)*(-4)/z a prime number?
False
Suppose -4*q - 4*g = -64, -q + 2*q - 3*g = 0. Let x = -9 + q. Suppose -3*s - x*u + 5*u = -1711, 3*u - 574 = -s. Is s prime?
True
Suppose -5*t + z = -174, -10*z = -t - 5*z + 30. Is (-14)/t - (0 + 102621/(-15)) a prime number?
True
Let s = -46 + 44. Is s/(-3 + -5) + (-215532)/(-16) a composite number?
True
Let c be 2/(-5) + 27115/(-25). Let h = c + 1658. Suppose h + 322 = 5*n. Is n prime?
True
Let x = -1774 - -2879. Suppose -10833 = -5*u - 2*s + 3*s, -2*u - s + 4336 = 0. Suppose -3*v + x + 327 = 2*h, 3*h - 5*v = u. Is h prime?
True
Let x = -361 - -361. Suppose 5*s = 10, x = p - 2*s - 36 - 54. Is p a composite number?
True
Suppose -62*i - 11*i + 140309869 = 0. Is i prime?
False
Let g be 10/(-75) + 1624/30. Let h = g - 52. Suppose 645 = 4*d + h*p - 353, -2*d + p + 505 = 0. Is d a prime number?
True
Let v be ((-52)/(-52))/((-1)/144). Let p = v - -22879. Is p prime?
False
Let n be (-2)/(-10) + 156352/40. Let a = n - 7945. Is (a/8)/((-3)/(-2) - 2) composite?
False
Suppose 0 = -2*u - 2*i + 1395460, 4*u + 74*i - 76*i = 2790866. Is u composite?
True
Suppose -5*z - 5 = -5*n, -2 - 6 = -5*n + 4*z. Suppose -n*q + 77303 + 8309 = 0. Is q composite?
True
Let c(o) = o - 1. Let f(s) = -2306*s + 3. Let u(d) = -4*c(d) + f(d). Is u(-1) a prime number?
False
Let t = 181595 - 62724. Is t composite?
True
Let u = 788 + -334. Let i = -240 + u. Suppose 2*b + 4*x - i = 0, 7*b + 5*x = 2*b + 510. Is b prime?
True
Suppose -210 = m - 7*m. Suppose 0*w - m = -5*w. Is -1*1 - (-6 - 407)/w composite?
True
Let u(q) = -3*q**2 - 24*q - 16. Let d be u(-7). Suppose 2*r = -3*o + 119, o - d*r - 17 = -0*r. Suppose -s = -2*s + o. Is s composite?
False
Let v = -392309 + 45254. Is (-2)/(-9) + v/(-135) a composite number?
True
Suppose 31 - 10 = 7*c. Suppose -s - 5*o = 5, -c*s + 2*o + 25 = -3*o. Suppose -s*z = -4798 + 1433. Is z prime?
True
Let f(k) = 72*k**2 + 46*k + 37. Let w(z) = z**3 - z - 1. Let b(a) = f(a) - 2*w(a). Is b(32) a composite number?
False
Suppose 9488 = 19*u - 17188. Let c = 4831 - u. Is c a prime number?
False
Let q be 87416 - ((-7)/(-21))/((-5)/(-75)). Suppose -5*o = -8*o + q. Is o a composite number?
False
Let q(p) = 1. Let i(z) = 2*z + 3384. Let b(d) = i(d) + 5*q(d). Is b(0) a prime number?
True
Is (-5)/(-2 + 7) + (3 - -54285) prime?
True
Let d(r) = 15709*r - 867. Is d(2) a prime number?
False
Suppose 17*g + 55*g - 363240 = 0. Is g a composite number?
True
Suppose 5995409 = 97*b - 1682701 + 1739867. Is b prime?
False
Let v(b) = -17*b**3 + 61*b**2 + 19*b - 609. Is v(-28) composite?
True
Let d = -3661 + 9218. Is d prime?
True
Let l(c) = -193*c - 5. Let s be (-4)/(-26) - 630/(-130). Suppose 2*q + z = -1, 0 = q - 0*q + s*z - 13. Is l(q) composite?
True
Let f be -12 - 291/(-24) - 729/8. Is 60090/(-9)*(5 - f/(-14)) composite?
True
Suppose 2*d + 1 = 7. Let a(g) = 89*g**2 + 3*g - 4. Let t be a(d). Let w = t - 249. Is w a composite number?
False
Let t(u) = 1232*u**2 - 18*u + 53. Is t(5) prime?
True
Let i = -599686 - -1066487. Is i a prime number?
True
Let m = -1685073 - -2651656. Is m composite?
False
Let d(z) = 5*z**2 + 43*z + 362. Let n be d(-7). Suppose -2*x - n = -20152. Is x prime?
True
Let j = 52461 - -93692. Is j composite?
True
Suppose 0 = 12*b - 2*y - 10642914, 3*b + 725*y - 2660721 = 723*y. Is b a composite number?
False
Suppose -2431*r + 2448*r - 68 = 0. Suppose o + o - 8598 = 0. Suppose -r*n = -2*l - 5*n + 4